{"id":39,"date":"2021-10-30T18:21:41","date_gmt":"2021-10-30T18:21:41","guid":{"rendered":"https:\/\/www.mzclean.pl\/index.php\/mesmerize\/"},"modified":"2021-12-18T15:32:21","modified_gmt":"2021-12-18T15:32:21","slug":"mesmerize","status":"publish","type":"page","link":"https:\/\/www.mzclean.pl\/","title":{"rendered":"Main"},"content":{"rendered":"<div id=\"overlappable-1\" class=\"overlappable-4 content-section content-section-spacing\" style=\"background-color: #ffffff;\" data-label=\"Overlappable\" data-id=\"overlappable--1\" data-export-id=\"overlappable-4\" data-category=\"overlappable\" data-overlap=\"true\">\n<div class=\"gridContainer\">\n<div class=\"row spaced-cols text-center center-sm content-center-sm\" data-type=\"row\">\n<div class=\"col-xs-12 col-sm-4 col-padding\"><a href=\"tel:796383970\"><i class=\"fa icon shadow-large-black aligncenter color1 fa-phone-square reverse round large\"><\/i><\/a><p><\/p>\n<div class=\"\" data-type=\"column\">\n<h5 class=\"\">MASZ PYTANIA? KLIKNIJ I ZADZWO\u0143<\/h5>\n<\/div>\n<\/div>\n<\/div>\n<\/div>\n<\/div>\n<div id=\"features-1\" class=\"features-16 content-section content-section-spacing\" style=\"background-color: #ffffff;\" data-label=\"Features\" data-id=\"features--1\" data-export-id=\"features-16\" data-category=\"features\">\n<div class=\"gridContainer\">\n<div class=\"row text-center\">\n<div class=\"section-title-col\" data-type=\"column\">\n<h2 class=\"\">Nasza oferta<\/h2>\n<p class=\"lead\">W MZclean oferujemy kompleksowe us\u0142ugi sprz\u0105tania dla klient\u00f3w komercyjnych, przemys\u0142owych i domowych. Sprostamy Twoim potrzebom i wymaganiom. Naszym celem jest nawi\u0105zanie sta\u0142ej wsp\u00f3\u0142pracacy z klientami, opartej na relacjach, wzajemnym zaufaniu poprzez zapewnienie wysokiej jako\u015bci us\u0142ug. Decyduj\u0105c si\u0119 na nasze us\u0142ugi masz gwarancj\u0119, \u017ce podejmujesz wsp\u00f3\u0142prac\u0119 z rzeteln\u0105, do\u015bwiadczon\u0105 firm\u0105 z bogat\u0105 baz\u0105 zadowolonych klient\u00f3w. W celu zapewnienie satysfakcji klienta ka\u017cde powierzone zlecenie traktujemy indywidualnie i z najwy\u017csz\u0105 staranno\u015bci\u0105.<\/p>\n<\/div>\n<\/div>\n<div class=\"row spaced-cols\" data-type=\"row\">\n<div class=\"col-xs-12 col-sm-6 col-md-4 space-bottom\"><a href=\"https:\/\/www.mzclean.pl\/index.php\/sprzatanie\" target=\"_self\" rel=\"noopener\" data-cp-link=\"1\"><img class=\"face\" src=\"https:\/\/www.mzclean.pl\/wp-content\/uploads\/2021\/12\/cropped-Hnet.com-image-1.jpg\"><\/a><p><\/p>\n<div class=\"col-padding-small col-padding-small-xs description-container\" data-type=\"column\">\n<h4 class=\"font-500\">Sprz\u0105tanie<\/h4>\n<p class=\"\">sprz\u0105tanie dom\u00f3w, mieszka\u0144, klatek schodowych, biur<\/p>\n<p class=\"\"><a class=\"read-more\" href=\"https:\/\/www.mzclean.pl\/index.php\/sprzatanie\" target=\"_self\" rel=\"noopener\" data-cp-link=\"1\">szczeg\u00f3\u0142y<\/a><\/p>\n<\/div>\n<\/div>\n<div class=\"col-xs-12 col-sm-6 col-md-4 space-bottom\"><a href=\"https:\/\/www.mzclean.pl\/index.php\/pranie-2\" target=\"_self\" rel=\"noopener\" data-cp-link=\"1\"><img class=\"face\" src=\"https:\/\/www.mzclean.pl\/wp-content\/uploads\/2021\/11\/pranie.jpg\"><\/a><p><\/p>\n<div class=\"col-padding-small col-padding-small-xs description-container\" data-type=\"column\">\n<h4 class=\"font-500\">Pranie ekstrakcyjne<\/h4>\n<p class=\"\">pranie dywan\u00f3w, wyk\u0142adzin, materac\u00f3w, tapicerek samochodowych i meblowych<\/p>\n<p class=\"\"><a class=\"read-more\" href=\"https:\/\/www.mzclean.pl\/index.php\/pranie-2\" target=\"_self\" rel=\"noopener\" data-cp-link=\"1\">szczeg\u00f3\u0142y<\/a><\/p>\n<\/div>\n<\/div>\n<div class=\"col-xs-12 col-sm-6 col-md-4 space-bottom\"><a href=\"https:\/\/www.mzclean.pl\/index.php\/myjka_cisnieniowa\" target=\"_self\" rel=\"noopener\" data-cp-link=\"1\"><img class=\"face\" src=\"https:\/\/www.mzclean.pl\/wp-content\/uploads\/2021\/11\/cropped-cropped-cropped-myjka_cisnieniowa.jpg\"><\/a><p><\/p>\n<div class=\"col-padding-small col-padding-small-xs description-container\" data-type=\"column\">\n<h4 class=\"font-500\">Mycie ci\u015bnieniowe<\/h4>\n<p class=\"\">mycie dach\u00f3w, kostki brukowej, elewacji, sprz\u0105tanie po remontach<\/p>\n<p class=\"\"><a class=\"read-more\" href=\"https:\/\/www.mzclean.pl\/index.php\/myjka_cisnieniowa\" target=\"_self\" rel=\"noopener\" data-cp-link=\"1\">szczeg\u00f3\u0142y<\/a><\/p>\n<\/div>\n<\/div>\n<div class=\"col-xs-12 col-sm-6 col-md-4 space-bottom\"><a href=\"https:\/\/www.mzclean.pl\/index.php\/zielen\" target=\"_self\" rel=\"noopener\" data-cp-link=\"1\"><img class=\"face\" src=\"https:\/\/www.mzclean.pl\/wp-content\/uploads\/2021\/11\/koszenie.jpg\"><\/a><p><\/p>\n<div class=\"col-padding-small col-padding-small-xs description-container\" data-type=\"column\">\n<h4 class=\"font-500\">Piel\u0119gnacja zieleni i od\u015bnie\u017canie<\/h4>\n<p class=\"\">wycinka i piel\u0119gnacja drzew, koszenie trawnik\u00f3w, od\u015bnie\u017canie plac\u00f3w, posesji, chodnik\u00f3w i parking\u00f3w<\/p>\n<p class=\"\"><a class=\"read-more\" href=\"https:\/\/www.mzclean.pl\/index.php\/zielen\" target=\"_self\" rel=\"noopener\" data-cp-link=\"1\">szczeg\u00f3\u0142y<\/a><\/p>\n<\/div>\n<\/div>\n<\/div>\n<\/div>\n<\/div>\n<div class=\"gridContainer\">\n<div class=\"row\">\n<div class=\"section-title-col\" data-type=\"column\">\n<h2 class=\"\">Opinie klient\u00f3w<\/h2>\n<p class=\"lead\">Mamy nadziej\u0119, \u017ce podzielisz si\u0119 swoj\u0105<\/p>\n<\/div>\n<\/div>\n<div class=\"row\">\n<div class=\"section-title-col\" data-type=\"column\"><\/div>\n<\/div>\n<div class=\"row\">\n<div class=\"section-title-col\" data-type=\"column\">\n<div class='white' style='background:rgba(0,0,0,0); border:solid 0px rgba(0,0,0,0); border-radius:0px; padding:0px 0px 0px 0px;'>\n<div id='slider_872' class='owl-carousel sa_owl_theme owl-pagination-true autohide-arrows' data-slider-id='slider_872' style='visibility:hidden;'>\n<div id='slider_872_slide01' class='sa_hover_container' style='padding:5% 5%; margin:0px 0%; '><div class=\"col-sm-4\">\u00a0<\/div>\r\n<blockquote>\r\n<p class=\"\">Bardzo dobra obsluga dok\u0142adnie zrobiona robota gor\u0105co polecam.<\/p>\r\n<h5 class=\"\">Marek<\/h5>\r\n<\/blockquote><\/div>\n<div id='slider_872_slide02' class='sa_hover_container' style='padding:5% 5%; margin:0px 0%; '><blockquote>\r\n<p class=\"\">Bardzo jestem zadowolona z tej us\u0142ugi kostka a\u017c l\u015bni od czysto\u015bci.<\/p>\r\n<h5 class=\"\">Joanna<\/h5>\r\n<\/blockquote><\/div>\n<div id='slider_872_slide03' class='sa_hover_container' style='padding:5% 5%; margin:0px 0%; '><blockquote>\r\n<p class=\"\">Mog\u0119 Bardzo poleci\u0107 t\u0105 firm\u0119 sprawnie w szybkim tempie i tapicerki samochodowe jak nowe dzi\u0119kuj\u0119 bardzo i polecam ka\u017cdej osobie.<\/p>\r\n<h5 class=\"\">Arek<\/h5>\r\n<\/blockquote><\/div>\n<div id='slider_872_slide04' class='sa_hover_container' style='padding:5% 5%; margin:0px 0%; '><blockquote>\r\n<p class=\"\">Us\u0142ugi bardzo dobrze wykonane naprawd\u0119 polecam.<\/p>\r\n<h5 class=\"\">Robert<\/h5>\r\n<\/blockquote><\/div>\n<div id='slider_872_slide05' class='sa_hover_container' style='padding:5% 5%; margin:0px 0%; '><blockquote>\r\n<p class=\"\">Dzi\u0119kuje bardzo za tak szybkie posprz\u0105tanie po remoncie gor\u0105co polecam.<\/p>\r\n<h5 class=\"\">Ryszard<\/h5>\r\n<\/blockquote><\/div>\n<div id='slider_872_slide06' class='sa_hover_container' style='padding:5% 5%; margin:0px 0%; '><blockquote>\r\n<p class=\"\">Ju\u017c nie musz\u0119 si\u0119 przejmowa\u0107 koszeniem trawnik\u00f3w ta firma jest rewelacyjna dzieki serdeczne bardzo polecam.<\/p>\r\n<h5 class=\"\">Andrzej<\/h5>\r\n<\/blockquote><\/div>\n<div id='slider_872_slide07' class='sa_hover_container' style='padding:5% 5%; margin:0px 0%; '><blockquote>\r\n<p class=\"\">Nareszcie mog\u0119 odpocz\u0105\u0107 dzi\u0119kuj\u0119 bardzo za od\u015bnie\u017cenie placu gor\u0105co polecam je\u017celi kto\u015b potrzebuje takich us\u0142ug to w\u0142a\u015bnie ta firma. \r\n<\/p>\r\n<h5 class=\"\">Henryk<\/h5>\r\n<\/blockquote><\/div>\n<div id='slider_872_slide08' class='sa_hover_container' style='padding:5% 5%; margin:0px 0%; '><blockquote>\r\n<p class=\"\">Dobra robota wykonana starannie moje dywany jak nowe dzi\u0119kuje bardzo i bardzo polecam.<\/p>\r\n<h5 class=\"\">Dagmara<\/h5>\r\n<\/blockquote><\/div>\n<div id='slider_872_slide09' class='sa_hover_container' style='padding:5% 5%; margin:0px 0%; '><blockquote>\r\n<p class=\"\">Po po\u017carze kt\u00f3ry mieli\u015bmy bardzo si\u0119 martwi\u0142am \u017ce nie da si\u0119 doczy\u015bci\u0107 naszego dachu ta firma bardzo nam pomog\u0142a dzi\u0119kuj\u0119 bardzo i gor\u0105co polecam bardzo dobrze wykonana us\u0142uga.<\/p>\r\n<h5 class=\"\">Kasia<\/h5>\r\n<\/blockquote><\/div>\n<div id='slider_872_slide10' class='sa_hover_container' style='padding:5% 5%; margin:0px 0%; '><blockquote>\r\n<p class=\"\">Dzi\u0119kujemy bardzo nasze biura a\u017c l\u015bni\u0105 czysto\u015bci\u0105 bardzo polecam ta firme.\r\n<\/p>\r\n<h5 class=\"\">Marcin<\/h5>\r\n<\/blockquote><\/div>\n<div id='slider_872_slide11' class='sa_hover_container' style='padding:5% 5%; margin:0px 0%; '><blockquote>\r\n<p class=\"\">Nasze klatki schodowe nigdy tak dobrze nie wygl\u0105da\u0142y jak teraz dzi\u0119kujemy bardzo. Gor\u0105co polecamy.<\/p>\r\n<h5 class=\"\">Administracja<\/h5>\r\n<\/blockquote><\/div>\n<div id='slider_872_slide12' class='sa_hover_container' style='padding:5% 5%; margin:0px 0%; '><blockquote>\r\n<p class=\"\">Dzi\u0119kuje bardzo za pomoc przy sprz\u0105taniu mieszkania jakby nie Wasza pomoc nigdy bym sobie nie poradzi\u0142a. Serdecznie polecam.\r\n<\/p>\r\n<h5 class=\"\">Jowita<\/h5>\r\n<\/blockquote><\/div>\n<div id='slider_872_slide13' class='sa_hover_container' style='padding:5% 5%; margin:0px 0%; '><blockquote>\r\n<p class=\"\">Dzi\u0119kuje bardzo za pomoc przy piel\u0119gnacji moich drzewek. Bardzo polecam.<\/p>\r\n<h5 class=\"\">Krystyna<\/h5>\r\n<\/blockquote><\/div>\n<div id='slider_872_slide14' class='sa_hover_container' style='padding:5% 5%; margin:0px 0%; '><blockquote>\r\n<p class=\"\">Taki \u015bnieg a parkingi trzeba od\u015bnie\u017ca\u0107 dzieki ch\u0142opaki za pomoc gor\u0105co polecam.<\/p>\r\n<h5 class=\"\">Remek<\/h5>\r\n<\/blockquote><\/div>\n<div id='slider_872_slide15' class='sa_hover_container' style='padding:5% 5%; margin:0px 0%; '><blockquote>\r\n<p class=\"\">Dobrze wykonane us\u0142ugi naprawde mo\u017cna poleci\u0107.<\/p>\r\n<h5 class=\"\">Dariusz<\/h5>\r\n<\/blockquote><\/div>\n<div id='slider_872_slide16' class='sa_hover_container' style='padding:5% 5%; margin:0px 0%; '><blockquote>\r\n<p class=\"\">Jestem zadowolony \u017ce nie musia\u0142em sam od\u015bnie\u017ca\u0107 tej posesji  dzi\u0119kuje za pomoc i r\u00f3wnie\u017c bardzo polecam.<\/p>\r\n<h5 class=\"\">Micha\u0142<\/h5>\r\n<\/blockquote><\/div>\n<div id='slider_872_slide17' class='sa_hover_container' style='padding:5% 5%; margin:0px 0%; '><blockquote>\r\n<p class=\"\">Bardzo polecam fachowcy dobrze wykonali swoja prace.<\/p>\r\n<h5 class=\"\">Marek<\/h5>\r\n<\/blockquote><\/div>\n<div id='slider_872_slide18' class='sa_hover_container' style='padding:5% 5%; margin:0px 0%; '><blockquote>\r\n<p class=\"\">Jestem bardzo zadowolona z tej firmy dzi\u0119kuje bardzo i polecam gor\u0105co.<\/p>\r\n<h5 class=\"\">Daria<\/h5>\r\n<\/blockquote><\/div>\n<div id='slider_872_slide19' class='sa_hover_container' style='padding:5% 5%; margin:0px 0%; '><blockquote>\r\n<p class=\"\">Dziekuje za podj\u0119cia si\u0119 mojego ogrodu drzewka wygladaj przepi\u0119knie bardzo dobrze zadbane gor\u0105co polecam.<\/p>\r\n<h5 class=\"\">Marcelina<\/h5>\r\n<\/blockquote><\/div>\n<div id='slider_872_slide20' class='sa_hover_container' style='padding:5% 5%; margin:0px 0%; '><blockquote>\r\n<p class=\"\">Stare materace teraz jak nowe dzi\u0119kuje bardzo i polecam.<\/p>\r\n<h5 class=\"\">Dariusz<\/h5>\r\n<\/blockquote><\/div>\n<\/div>\n<\/div>\n<script type='text\/javascript'>\n\tjQuery(document).ready(function() {\n\t\tjQuery('#slider_872').owlCarousel({\n\t\t\titems : 1,\n\t\t\tsmartSpeed : 200,\n\t\t\tautoplay : true,\n\t\t\tautoplayTimeout : 5000,\n\t\t\tautoplayHoverPause : true,\n\t\t\tsmartSpeed : 200,\n\t\t\tfluidSpeed : 200,\n\t\t\tautoplaySpeed : 200,\n\t\t\tnavSpeed : 200,\n\t\t\tdotsSpeed : 200,\n\t\t\tloop : true,\n\t\t\tnav : true,\n\t\t\tnavText : ['Previous','Next'],\n\t\t\tdots : true,\n\t\t\tresponsiveRefreshRate : 200,\n\t\t\tslideBy : 1,\n\t\t\tmergeFit : true,\n\t\t\tautoHeight : false,\n\t\t\tmouseDrag : false,\n\t\t\ttouchDrag : true\n\t\t});\n\t\tjQuery('#slider_872').css('visibility', 'visible');\n\t\tsa_resize_slider_872();\n\t\twindow.addEventListener('resize', sa_resize_slider_872);\n\t\tfunction sa_resize_slider_872() {\n\t\t\tvar min_height = '5';\n\t\t\tvar win_width = jQuery(window).width();\n\t\t\tvar slider_width = jQuery('#slider_872').width();\n\t\t\tif (win_width < 480) {\n\t\t\t\tvar slide_width = slider_width \/ 1;\n\t\t\t} else if (win_width < 768) {\n\t\t\t\tvar slide_width = slider_width \/ 1;\n\t\t\t} else if (win_width < 980) {\n\t\t\t\tvar slide_width = slider_width \/ 1;\n\t\t\t} else if (win_width < 1200) {\n\t\t\t\tvar slide_width = slider_width \/ 1;\n\t\t\t} else if (win_width < 1500) {\n\t\t\t\tvar slide_width = slider_width \/ 1;\n\t\t\t} else {\n\t\t\t\tvar slide_width = slider_width \/ 1;\n\t\t\t}\n\t\t\tslide_width = Math.round(slide_width);\n\t\t\tvar slide_height = '0';\n\t\t\tif (min_height == 'aspect43') {\n\t\t\t\tslide_height = (slide_width \/ 4) * 3;\t\t\t\tslide_height = Math.round(slide_height);\n\t\t\t} else if (min_height == 'aspect169') {\n\t\t\t\tslide_height = (slide_width \/ 16) * 9;\t\t\t\tslide_height = Math.round(slide_height);\n\t\t\t} else {\n\t\t\t\tslide_height = (slide_width \/ 100) * min_height;\t\t\t\tslide_height = Math.round(slide_height);\n\t\t\t}\n\t\t\tjQuery('#slider_872 .owl-item .sa_hover_container').css('min-height', slide_height+'px');\n\t\t}\n\t\tvar owl_goto = jQuery('#slider_872');\n\t\tjQuery('.slider_872_goto1').click(function(event){\n\t\t\towl_goto.trigger('to.owl.carousel', 0);\n\t\t});\n\t\tjQuery('.slider_872_goto2').click(function(event){\n\t\t\towl_goto.trigger('to.owl.carousel', 1);\n\t\t});\n\t\tjQuery('.slider_872_goto3').click(function(event){\n\t\t\towl_goto.trigger('to.owl.carousel', 2);\n\t\t});\n\t\tjQuery('.slider_872_goto4').click(function(event){\n\t\t\towl_goto.trigger('to.owl.carousel', 3);\n\t\t});\n\t\tjQuery('.slider_872_goto5').click(function(event){\n\t\t\towl_goto.trigger('to.owl.carousel', 4);\n\t\t});\n\t\tjQuery('.slider_872_goto6').click(function(event){\n\t\t\towl_goto.trigger('to.owl.carousel', 5);\n\t\t});\n\t\tjQuery('.slider_872_goto7').click(function(event){\n\t\t\towl_goto.trigger('to.owl.carousel', 6);\n\t\t});\n\t\tjQuery('.slider_872_goto8').click(function(event){\n\t\t\towl_goto.trigger('to.owl.carousel', 7);\n\t\t});\n\t\tjQuery('.slider_872_goto9').click(function(event){\n\t\t\towl_goto.trigger('to.owl.carousel', 8);\n\t\t});\n\t\tjQuery('.slider_872_goto10').click(function(event){\n\t\t\towl_goto.trigger('to.owl.carousel', 9);\n\t\t});\n\t\tjQuery('.slider_872_goto11').click(function(event){\n\t\t\towl_goto.trigger('to.owl.carousel', 10);\n\t\t});\n\t\tjQuery('.slider_872_goto12').click(function(event){\n\t\t\towl_goto.trigger('to.owl.carousel', 11);\n\t\t});\n\t\tjQuery('.slider_872_goto13').click(function(event){\n\t\t\towl_goto.trigger('to.owl.carousel', 12);\n\t\t});\n\t\tjQuery('.slider_872_goto14').click(function(event){\n\t\t\towl_goto.trigger('to.owl.carousel', 13);\n\t\t});\n\t\tjQuery('.slider_872_goto15').click(function(event){\n\t\t\towl_goto.trigger('to.owl.carousel', 14);\n\t\t});\n\t\tjQuery('.slider_872_goto16').click(function(event){\n\t\t\towl_goto.trigger('to.owl.carousel', 15);\n\t\t});\n\t\tjQuery('.slider_872_goto17').click(function(event){\n\t\t\towl_goto.trigger('to.owl.carousel', 16);\n\t\t});\n\t\tjQuery('.slider_872_goto18').click(function(event){\n\t\t\towl_goto.trigger('to.owl.carousel', 17);\n\t\t});\n\t\tjQuery('.slider_872_goto19').click(function(event){\n\t\t\towl_goto.trigger('to.owl.carousel', 18);\n\t\t});\n\t\tjQuery('.slider_872_goto20').click(function(event){\n\t\t\towl_goto.trigger('to.owl.carousel', 19);\n\t\t});\n\t\tvar resize_872 = jQuery('.owl-carousel');\n\t\tresize_872.on('initialized.owl.carousel', function(e) {\n\t\t\tif (typeof(Event) === 'function') {\n\t\t\t\twindow.dispatchEvent(new Event('resize'));\n\t\t\t} else {\n\t\t\t\tvar evt = window.document.createEvent('UIEvents');\n\t\t\t\tevt.initUIEvent('resize', true, false, window, 0);\n\t\t\t\twindow.dispatchEvent(evt);\n\t\t\t}\n\t\t});\n\t});\n<\/script>\n\n<\/div>\n<\/div>\n<\/div>\n\n","protected":false},"excerpt":{"rendered":"<p>MASZ PYTANIA? KLIKNIJ I ZADZWO\u0143 Nasza oferta W MZclean oferujemy kompleksowe us\u0142ugi sprz\u0105tania dla klient\u00f3w komercyjnych, przemys\u0142owych i domowych. Sprostamy Twoim potrzebom i wymaganiom. Naszym celem jest nawi\u0105zanie sta\u0142ej wsp\u00f3\u0142pracacy z klientami, opartej na relacjach, wzajemnym zaufaniu poprzez zapewnienie wysokiej jako\u015bci us\u0142ug. Decyduj\u0105c si\u0119 na nasze us\u0142ugi masz gwarancj\u0119, \u017ce podejmujesz wsp\u00f3\u0142prac\u0119 z rzeteln\u0105, do\u015bwiadczon\u0105&hellip; <br \/> <a class=\"read-more\" href=\"https:\/\/www.mzclean.pl\/\">Dowiedz si\u0119 wi\u0119cej<\/a><\/p>\n","protected":false},"author":1,"featured_media":0,"parent":0,"menu_order":0,"comment_status":"closed","ping_status":"closed","template":"page-templates\/homepage.php","meta":[],"_links":{"self":[{"href":"https:\/\/www.mzclean.pl\/index.php\/wp-json\/wp\/v2\/pages\/39"}],"collection":[{"href":"https:\/\/www.mzclean.pl\/index.php\/wp-json\/wp\/v2\/pages"}],"about":[{"href":"https:\/\/www.mzclean.pl\/index.php\/wp-json\/wp\/v2\/types\/page"}],"author":[{"embeddable":true,"href":"https:\/\/www.mzclean.pl\/index.php\/wp-json\/wp\/v2\/users\/1"}],"replies":[{"embeddable":true,"href":"https:\/\/www.mzclean.pl\/index.php\/wp-json\/wp\/v2\/comments?post=39"}],"version-history":[{"count":149,"href":"https:\/\/www.mzclean.pl\/index.php\/wp-json\/wp\/v2\/pages\/39\/revisions"}],"predecessor-version":[{"id":934,"href":"https:\/\/www.mzclean.pl\/index.php\/wp-json\/wp\/v2\/pages\/39\/revisions\/934"}],"wp:attachment":[{"href":"https:\/\/www.mzclean.pl\/index.php\/wp-json\/wp\/v2\/media?parent=39"}],"curies":[{"name":"wp","href":"https:\/\/api.w.org\/{rel}","templated":true}]}}