{"id":178,"date":"2021-11-03T22:23:59","date_gmt":"2021-11-03T22:23:59","guid":{"rendered":"https:\/\/www.mzclean.pl\/?page_id=178"},"modified":"2021-12-16T17:14:23","modified_gmt":"2021-12-16T17:14:23","slug":"zielen","status":"publish","type":"page","link":"https:\/\/www.mzclean.pl\/index.php\/zielen\/","title":{"rendered":"Ziele\u0144 i od\u015bnie\u017canie"},"content":{"rendered":"\n<div data-label=\"About\" data-id=\"about--3\" data-export-id=\"about-1\" data-category=\"about\" class=\"about-1 content-section\" id=\"about-3\"><div class=\"gridContainer\"><div class=\"row text-center\"><div class=\"section-title-col\" data-type=\"column\"><h5 class=\"\">ZIELE\u0143<\/h5><h2 class=\"\">Zarz\u0105dzamy i utrzymujemy tereny zielone.<\/h2><p class=\"\"><\/p><div><\/div><p class=\"\"><\/p><div><\/div><p class=\"lead\">Pomo\u017cemy utrzyma\u0107 trawniki, krzewy i \u017cywop\u0142oty w czysto\u015bci i porz\u0105dku. Jeste\u015bmy w stanie zaproponowa\u0107 Pa\u0144stwu kompleksow\u0105 piel\u0119gnacj\u0119 ogrod\u00f3w obejmuj\u0105c\u0105 przycinanie \u017cywop\u0142ot\u00f3w, ma\u0142ych drzewek i krzew\u00f3w. Skosimy trawnik i podejmiemy si\u0119&nbsp; jego utrzymania poprzez usuwanie chwast\u00f3w. Pozb\u0119dziemy si\u0119 niechcianych pni, krzew\u00f3w, drzew, bluszczu i chwast\u00f3w z ogrodu. Nasi pracownicy sprostaj\u0105 r\u00f3wnie\u017c wyzwaniom na wysoko\u015bciach \u2013 ofertujemy oczyszczanie rynien.<\/p><p class=\"lead\"><span style=\"background-color: rgb(255, 255, 255);\">Us\u0142ugi kierujemy dla gospodarstw domowych jak i dla przedsi\u0119biorc\u00f3w. Sprawnie poradzimy sobie z zadbaniem o tereny zielone. \u015awiadczyli\u015bmy us\u0142ugi dla centr handlowych, pub\u00f3w, restauracji i hoteli.<\/span><\/p><\/div><\/div><div class=\"row\"><div class=\"button-holder space-bottom space-bottom-small\" data-type=\"column\"><h3 class=\"\">Zadzwo\u0144 ju\u017c dzi\u015b!<\/h3> <a class=\"button green\" href=\"index.pl\/kontakt.php\" target=\"_self\" data-cp-link=\"1\" rel=\"noopener\">796-383-970<\/a><\/div><div class=\"col-xs bottom-xs flexbox image-group-bottom-3-img space-bottom-xs center-xs\"> <img class=\"left-img shadow-large-black\" data-size=\"500x300\" src=\"https:\/\/www.mzclean.pl\/wp-content\/uploads\/2021\/11\/cropped-zielen1.jpg\" title=\"cropped-zielen1.jpg\" alt=\"\"> <img class=\"center-img shadow-large-black\" data-size=\"500x300\" src=\"https:\/\/www.mzclean.pl\/wp-content\/uploads\/2021\/11\/cropped-zielen2.jpg\" title=\"cropped-zielen2.jpg\" alt=\"\"> <img class=\"right-img shadow-large-black\" data-size=\"500x300\" src=\"https:\/\/www.mzclean.pl\/wp-content\/uploads\/2021\/11\/cropped-zielen3.jpg\" title=\"cropped-zielen3.jpg\" alt=\"\"><\/div><\/div><\/div><\/div>\n\n<br><br>\n<div data-label=\"About\" data-id=\"about--3\" data-export-id=\"about-1\" data-category=\"about\" class=\"about-1 content-section\" id=\"about-3\"><div class=\"gridContainer\"><div class=\"row text-center\"><div class=\"section-title-col\" data-type=\"column\"><h5 class=\"\">ODSNIE\u017bANIE<\/h5><h2 class=\"\">Us\u0142ugi usuwania \u015bniegu i lodu<\/h2><div class=\"\"><\/div><p class=\"\"><\/p><div class=\"\"><\/div><p class=\"lead\">Ch\u0119tnie podejmiemy si\u0119 prac zwi\u0105zanych z od\u015bnie\u017caniem. Zadbamy o Twoj podjazd, parking, dach lub taras<\/p><\/div><\/div><div class=\"row\"><div class=\"button-holder space-bottom space-bottom-small\" data-type=\"column\"><h3 class=\"\">Zadzwo\u0144 ju\u017c dzi\u015b!<\/h3> <a class=\"button green\" href=\"https:\/\/www.mzclean.pl\/index.pl\/kontakt.php\" target=\"_self\" data-cp-link=\"1\" rel=\"noopener\">796-383-970<\/a><\/div><div class=\"col-xs bottom-xs flexbox image-group-bottom-3-img space-bottom-xs center-xs\"> <img class=\"left-img shadow-large-black\" data-size=\"500x300\" src=\"https:\/\/www.mzclean.pl\/wp-content\/uploads\/2021\/11\/cropped-odsniezanie2.jpg\" title=\"cropped-odsniezanie2.jpg\" alt=\"\"> <img class=\"center-img shadow-large-black\" data-size=\"500x300\" src=\"https:\/\/www.mzclean.pl\/wp-content\/uploads\/2021\/11\/cropped-odsniezanie3.jpg\" title=\"cropped-odsniezanie3.jpg\" alt=\"\"> <img class=\"right-img shadow-large-black\" data-size=\"500x300\" src=\"https:\/\/www.mzclean.pl\/wp-content\/uploads\/2021\/11\/cropped-odsniezanie1.jpg\" title=\"cropped-odsniezanie1.jpg\" alt=\"\"><\/div><\/div><\/div><\/div>\n","protected":false},"excerpt":{"rendered":"<p>ZIELE\u0143 Zarz\u0105dzamy i utrzymujemy tereny zielone. Pomo\u017cemy utrzyma\u0107 trawniki, krzewy i \u017cywop\u0142oty w czysto\u015bci i porz\u0105dku. Jeste\u015bmy w stanie zaproponowa\u0107 Pa\u0144stwu kompleksow\u0105 piel\u0119gnacj\u0119 ogrod\u00f3w obejmuj\u0105c\u0105 przycinanie \u017cywop\u0142ot\u00f3w, ma\u0142ych drzewek i krzew\u00f3w. Skosimy trawnik i podejmiemy si\u0119&nbsp; jego utrzymania poprzez usuwanie chwast\u00f3w. Pozb\u0119dziemy si\u0119 niechcianych pni, krzew\u00f3w, drzew, bluszczu i chwast\u00f3w z ogrodu. Nasi pracownicy sprostaj\u0105&hellip; <br \/> <a class=\"read-more\" href=\"https:\/\/www.mzclean.pl\/index.php\/zielen\/\">Dowiedz si\u0119 wi\u0119cej<\/a><\/p>\n","protected":false},"author":1,"featured_media":0,"parent":0,"menu_order":0,"comment_status":"closed","ping_status":"closed","template":"","meta":[],"_links":{"self":[{"href":"https:\/\/www.mzclean.pl\/index.php\/wp-json\/wp\/v2\/pages\/178"}],"collection":[{"href":"https:\/\/www.mzclean.pl\/index.php\/wp-json\/wp\/v2\/pages"}],"about":[{"href":"https:\/\/www.mzclean.pl\/index.php\/wp-json\/wp\/v2\/types\/page"}],"author":[{"embeddable":true,"href":"https:\/\/www.mzclean.pl\/index.php\/wp-json\/wp\/v2\/users\/1"}],"replies":[{"embeddable":true,"href":"https:\/\/www.mzclean.pl\/index.php\/wp-json\/wp\/v2\/comments?post=178"}],"version-history":[{"count":10,"href":"https:\/\/www.mzclean.pl\/index.php\/wp-json\/wp\/v2\/pages\/178\/revisions"}],"predecessor-version":[{"id":729,"href":"https:\/\/www.mzclean.pl\/index.php\/wp-json\/wp\/v2\/pages\/178\/revisions\/729"}],"wp:attachment":[{"href":"https:\/\/www.mzclean.pl\/index.php\/wp-json\/wp\/v2\/media?parent=178"}],"curies":[{"name":"wp","href":"https:\/\/api.w.org\/{rel}","templated":true}]}}